{"id":2,"date":"2017-03-01T06:57:02","date_gmt":"2017-03-01T08:57:02","guid":{"rendered":"http:\/\/www.zenono.lt\/?page_id=2"},"modified":"2017-03-14T18:14:19","modified_gmt":"2017-03-14T20:14:19","slug":"pristatymas","status":"publish","type":"page","link":"https:\/\/zenono.lt\/?page_id=2","title":{"rendered":"PRISTATYMAS"},"content":{"rendered":"<section class=\"wpb-content-wrapper\"><p>[vc_row][vc_column][vc_separator border_width=&#8221;5&#8243;][vc_row_inner][vc_column_inner][vc_single_image image=&#8221;973&#8243;][\/vc_column_inner][\/vc_row_inner][\/vc_column][\/vc_row][vc_row][vc_column width=&#8221;1\/2&#8243;][vc_wp_text]<img data-recalc-dims=\"1\" loading=\"lazy\" decoding=\"async\" data-attachment-id=\"1204\" data-permalink=\"https:\/\/zenono.lt\/?attachment_id=1204\" data-orig-file=\"https:\/\/i0.wp.com\/zenono.lt\/wp-content\/uploads\/2017\/03\/shopping.png?fit=260%2C325&amp;ssl=1\" data-orig-size=\"260,325\" data-comments-opened=\"1\" data-image-meta=\"{&quot;aperture&quot;:&quot;0&quot;,&quot;credit&quot;:&quot;&quot;,&quot;camera&quot;:&quot;&quot;,&quot;caption&quot;:&quot;&quot;,&quot;created_timestamp&quot;:&quot;0&quot;,&quot;copyright&quot;:&quot;&quot;,&quot;focal_length&quot;:&quot;0&quot;,&quot;iso&quot;:&quot;0&quot;,&quot;shutter_speed&quot;:&quot;0&quot;,&quot;title&quot;:&quot;&quot;,&quot;orientation&quot;:&quot;0&quot;}\" data-image-title=\"shopping\" data-image-description=\"\" data-image-caption=\"\" data-large-file=\"https:\/\/i0.wp.com\/zenono.lt\/wp-content\/uploads\/2017\/03\/shopping.png?fit=260%2C325&amp;ssl=1\" class=\"alignnone size-medium wp-image-1204 aligncenter\" src=\"https:\/\/i0.wp.com\/www.zenono.lt\/wp-content\/uploads\/2017\/03\/shopping-240x300.png?resize=240%2C300\" alt=\"\" width=\"240\" height=\"300\" srcset=\"https:\/\/i0.wp.com\/zenono.lt\/wp-content\/uploads\/2017\/03\/shopping.png?resize=240%2C300&amp;ssl=1 240w, https:\/\/i0.wp.com\/zenono.lt\/wp-content\/uploads\/2017\/03\/shopping.png?w=260&amp;ssl=1 260w\" sizes=\"auto, (max-width: 240px) 100vw, 240px\" \/>[\/vc_wp_text][\/vc_column][vc_column width=&#8221;1\/2&#8243;][vc_column_text]<\/p>\n<ul style=\"list-style-type: circle;\">\n<li><span style=\"font-size: 12pt;\">Standarti\u0161kai visus u\u017esakymus \u012fvykdome 14 iki 22 darbo dien\u0173 (jei prie bald\u0173 apra\u0161ymo n\u0117ra nurodyta kitaip). U\u017esakymo laikas gali sutrump\u0117ti iki 5 darbo dien\u0173, priklausomai nuo to, ar turime u\u017esakyt\u0105 prek\u0119 sand\u0117lyje.<\/span><\/li>\n<li><span style=\"font-size: 12pt;\">Visus u\u017esakymus Lietuvoje pristatome iki tos vietos kur klientas nurodo.<\/span><\/li>\n<\/ul>\n<p>[\/vc_column_text][\/vc_column][\/vc_row][vc_row][vc_column][vc_wp_text][\/vc_wp_text][\/vc_column][\/vc_row]<\/p>\n<\/section>","protected":false},"excerpt":{"rendered":"<p>[vc_row][vc_column][vc_separator border_width=&#8221;5&#8243;][vc_row_inner][vc_column_inner][vc_single_image image=&#8221;973&#8243;][\/vc_column_inner][\/vc_row_inner][\/vc_column][\/vc_row][vc_row][vc_column width=&#8221;1\/2&#8243;][vc_wp_text][\/vc_wp_text][\/vc_column][vc_column width=&#8221;1\/2&#8243;][vc_column_text] Standarti\u0161kai visus u\u017esakymus \u012fvykdome 14 iki 22 darbo dien\u0173 (jei prie bald\u0173 apra\u0161ymo n\u0117ra nurodyta kitaip). U\u017esakymo laikas gali sutrump\u0117ti iki 5 darbo dien\u0173, priklausomai nuo to, ar turime u\u017esakyt\u0105 prek\u0119 sand\u0117lyje. Visus u\u017esakymus Lietuvoje pristatome iki tos vietos kur klientas nurodo. [\/vc_column_text][\/vc_column][\/vc_row][vc_row][vc_column][vc_wp_text][\/vc_wp_text][\/vc_column][\/vc_row]<\/p>\n","protected":false},"author":1,"featured_media":0,"parent":0,"menu_order":0,"comment_status":"closed","ping_status":"open","template":"page-home2.php","meta":{"jetpack_post_was_ever_published":false,"footnotes":""},"class_list":["post-2","page","type-page","status-publish","hentry"],"jetpack_sharing_enabled":true,"jetpack_shortlink":"https:\/\/wp.me\/P8sbxN-2","jetpack-related-posts":[],"_links":{"self":[{"href":"https:\/\/zenono.lt\/index.php?rest_route=\/wp\/v2\/pages\/2","targetHints":{"allow":["GET"]}}],"collection":[{"href":"https:\/\/zenono.lt\/index.php?rest_route=\/wp\/v2\/pages"}],"about":[{"href":"https:\/\/zenono.lt\/index.php?rest_route=\/wp\/v2\/types\/page"}],"author":[{"embeddable":true,"href":"https:\/\/zenono.lt\/index.php?rest_route=\/wp\/v2\/users\/1"}],"replies":[{"embeddable":true,"href":"https:\/\/zenono.lt\/index.php?rest_route=%2Fwp%2Fv2%2Fcomments&post=2"}],"version-history":[{"count":15,"href":"https:\/\/zenono.lt\/index.php?rest_route=\/wp\/v2\/pages\/2\/revisions"}],"predecessor-version":[{"id":1209,"href":"https:\/\/zenono.lt\/index.php?rest_route=\/wp\/v2\/pages\/2\/revisions\/1209"}],"wp:attachment":[{"href":"https:\/\/zenono.lt\/index.php?rest_route=%2Fwp%2Fv2%2Fmedia&parent=2"}],"curies":[{"name":"wp","href":"https:\/\/api.w.org\/{rel}","templated":true}]}}