{"id":353,"date":"2016-03-03T01:37:43","date_gmt":"2016-03-03T01:37:43","guid":{"rendered":"http:\/\/wp.smartaddons.com\/themes\/sw_furnicom\/?page_id=353"},"modified":"2017-03-14T17:58:11","modified_gmt":"2017-03-14T19:58:11","slug":"garantija","status":"publish","type":"page","link":"https:\/\/zenono.lt\/?page_id=353","title":{"rendered":"GARANTIJA"},"content":{"rendered":"<section class=\"wpb-content-wrapper\"><p>[vc_row css=&#8221;.vc_custom_1436945974360{margin-right: 0px !important;margin-bottom: 0px !important;margin-left: 0px !important;background-color: #eeeeee !important;}&#8221; el_class=&#8221;about-v3&#8243;][vc_column css=&#8221;.vc_custom_1439608337670{padding-right: 0px !important;padding-left: 0px !important;}&#8221; offset=&#8221;vc_col-lg-6 vc_col-md-6 vc_col-xs-12&#8243;][vc_column_text]<img data-recalc-dims=\"1\" loading=\"lazy\" decoding=\"async\" data-attachment-id=\"1156\" data-permalink=\"https:\/\/zenono.lt\/?attachment_id=1156\" data-orig-file=\"https:\/\/i0.wp.com\/zenono.lt\/wp-content\/uploads\/2016\/09\/images.png?fit=224%2C224&amp;ssl=1\" data-orig-size=\"224,224\" data-comments-opened=\"1\" data-image-meta=\"{&quot;aperture&quot;:&quot;0&quot;,&quot;credit&quot;:&quot;&quot;,&quot;camera&quot;:&quot;&quot;,&quot;caption&quot;:&quot;&quot;,&quot;created_timestamp&quot;:&quot;0&quot;,&quot;copyright&quot;:&quot;&quot;,&quot;focal_length&quot;:&quot;0&quot;,&quot;iso&quot;:&quot;0&quot;,&quot;shutter_speed&quot;:&quot;0&quot;,&quot;title&quot;:&quot;&quot;,&quot;orientation&quot;:&quot;0&quot;}\" data-image-title=\"images\" data-image-description=\"\" data-image-caption=\"\" data-large-file=\"https:\/\/i0.wp.com\/zenono.lt\/wp-content\/uploads\/2016\/09\/images.png?fit=224%2C224&amp;ssl=1\" class=\"alignnone wp-image-1156 aligncenter\" src=\"https:\/\/i0.wp.com\/www.zenono.lt\/wp-content\/uploads\/2016\/09\/images.png?resize=240%2C240\" alt=\"\" width=\"240\" height=\"240\" srcset=\"https:\/\/i0.wp.com\/zenono.lt\/wp-content\/uploads\/2016\/09\/images.png?w=224&amp;ssl=1 224w, https:\/\/i0.wp.com\/zenono.lt\/wp-content\/uploads\/2016\/09\/images.png?resize=150%2C150&amp;ssl=1 150w, https:\/\/i0.wp.com\/zenono.lt\/wp-content\/uploads\/2016\/09\/images.png?resize=90%2C90&amp;ssl=1 90w, https:\/\/i0.wp.com\/zenono.lt\/wp-content\/uploads\/2016\/09\/images.png?resize=180%2C180&amp;ssl=1 180w\" sizes=\"auto, (max-width: 240px) 100vw, 240px\" \/>[\/vc_column_text][\/vc_column][vc_column css=&#8221;.vc_custom_1439608373534{padding-top: 25px !important;padding-right: 25px !important;padding-left: 15px !important;}&#8221; offset=&#8221;vc_col-lg-6 vc_col-md-6 vc_col-xs-12&#8243;][vc_column_text]<\/p>\n<ul style=\"list-style-type: disc;\">\n<li style=\"text-align: left;\"><span style=\"font-size: 14pt;\">Mink\u0161tiems baldams suteikiama 24 m\u0117nesi\u0173 garantija. Garantijos galiojimo terminas pradedamas skai\u010diuoti nuo preki\u0173 perdavimo dienos. (i\u0161samias s\u0105lygas reikia apra\u0161yti)<\/span><br \/>\n<span style=\"font-size: 14pt;\">Visiems korpusiniams baldams suteikiama 12 m\u0117nesi\u0173 garantija. Garantijos galiojimo terminas pradedamas skai\u010diuoti nuo preki\u0173 perdavimo dienos. (i\u0161samias s\u0105lygas reiki apra\u0161yti)<\/span><\/li>\n<\/ul>\n<p>[\/vc_column_text][\/vc_column][\/vc_row][vc_row css=&#8221;.vc_custom_1439439929431{margin-right: 0px !important;margin-left: 0px !important;background-color: #eeeeee !important;}&#8221;][vc_column el_class=&#8221;about-section4&#8243; offset=&#8221;vc_col-lg-6 vc_col-md-6 vc_col-xs-12&#8243;][\/vc_column][\/vc_row]<\/p>\n<\/section>","protected":false},"excerpt":{"rendered":"<p>[vc_row css=&#8221;.vc_custom_1436945974360{margin-right: 0px !important;margin-bottom: 0px !important;margin-left: 0px !important;background-color: #eeeeee !important;}&#8221; el_class=&#8221;about-v3&#8243;][vc_column css=&#8221;.vc_custom_1439608337670{padding-right: 0px !important;padding-left: 0px !important;}&#8221; offset=&#8221;vc_col-lg-6 vc_col-md-6 vc_col-xs-12&#8243;][vc_column_text][\/vc_column_text][\/vc_column][vc_column css=&#8221;.vc_custom_1439608373534{padding-top: 25px !important;padding-right: 25px !important;padding-left: 15px !important;}&#8221; offset=&#8221;vc_col-lg-6 vc_col-md-6 vc_col-xs-12&#8243;][vc_column_text] Mink\u0161tiems baldams suteikiama 24 m\u0117nesi\u0173 garantija. Garantijos galiojimo terminas pradedamas skai\u010diuoti nuo preki\u0173 perdavimo dienos. (i\u0161samias s\u0105lygas reikia apra\u0161yti) Visiems korpusiniams baldams suteikiama 12 m\u0117nesi\u0173 garantija. &hellip; <a href=\"https:\/\/zenono.lt\/?page_id=353\">Readmore<\/a><\/p>\n","protected":false},"author":1,"featured_media":0,"parent":0,"menu_order":0,"comment_status":"closed","ping_status":"closed","template":"page-home6.php","meta":{"jetpack_post_was_ever_published":false,"footnotes":""},"class_list":["post-353","page","type-page","status-publish","hentry"],"jetpack_sharing_enabled":true,"jetpack_shortlink":"https:\/\/wp.me\/P8sbxN-5H","jetpack-related-posts":[],"_links":{"self":[{"href":"https:\/\/zenono.lt\/index.php?rest_route=\/wp\/v2\/pages\/353","targetHints":{"allow":["GET"]}}],"collection":[{"href":"https:\/\/zenono.lt\/index.php?rest_route=\/wp\/v2\/pages"}],"about":[{"href":"https:\/\/zenono.lt\/index.php?rest_route=\/wp\/v2\/types\/page"}],"author":[{"embeddable":true,"href":"https:\/\/zenono.lt\/index.php?rest_route=\/wp\/v2\/users\/1"}],"replies":[{"embeddable":true,"href":"https:\/\/zenono.lt\/index.php?rest_route=%2Fwp%2Fv2%2Fcomments&post=353"}],"version-history":[{"count":6,"href":"https:\/\/zenono.lt\/index.php?rest_route=\/wp\/v2\/pages\/353\/revisions"}],"predecessor-version":[{"id":1200,"href":"https:\/\/zenono.lt\/index.php?rest_route=\/wp\/v2\/pages\/353\/revisions\/1200"}],"wp:attachment":[{"href":"https:\/\/zenono.lt\/index.php?rest_route=%2Fwp%2Fv2%2Fmedia&parent=353"}],"curies":[{"name":"wp","href":"https:\/\/api.w.org\/{rel}","templated":true}]}}