{"id":1759,"date":"2020-04-03T06:18:13","date_gmt":"2020-04-03T08:18:13","guid":{"rendered":"https:\/\/zenono.lt\/?post_type=product&#038;p=1759"},"modified":"2020-04-03T06:18:13","modified_gmt":"2020-04-03T08:18:13","slug":"miegamojo-komplektas-servudas","status":"publish","type":"product","link":"https:\/\/zenono.lt\/?product=miegamojo-komplektas-servudas","title":{"rendered":"Miegamojo komplektas \u0160ERVUDAS"},"content":{"rendered":"<p><span style=\"color: #000000;\"><em>Miegamojo bald\u0173 komplekt\u0105<\/em>\u00a0&#8222;\u0160ervudas&#8221;\u00a0sudaro &#8211; spinta 3 dur\u0173, lova be \u010diu\u017einio, komoda, 2 spintel\u0117s<\/span><\/p>\n<p><span style=\"color: #000000;\"><b>Galima pirkti atskirai<\/b><\/span><\/p>\n<p><span style=\"color: #000000;\">(auk\u0161tis\/gylis\/plotis cm):<\/span><\/p>\n<p><span style=\"font-size: medium;\"><span style=\"color: #000000;\"><strong><i>Spinta<\/i><\/strong>\u00a0(trij\u0173 dur\u0173): 220 x 60 x 180\u00a0<b>(kaina 280<\/b><span style=\"font-family: Calibri;\">\u20ac<\/span><b>)<\/b><\/span><\/span><\/p>\n<p><span style=\"font-size: medium;\"><span style=\"color: #000000;\"><strong><i>Spinta<\/i><\/strong>\u00a0(dviej\u0173 dur\u0173): 220 x 60 x 120\u00a0<b>(kaina 250<\/b><span style=\"font-family: Calibri;\">\u20ac<\/span><b>)<\/b><\/span><\/span><\/p>\n<p><span style=\"font-size: medium;\"><span style=\"color: #000000;\"><strong><i>Spinta<\/i><\/strong>\u00a0(vien\u0173 dur\u0173): 220 x 60 x 60\u00a0<b>(kaina 180<\/b><span style=\"font-family: Calibri;\">\u20ac<\/span><b>)<\/b><i><u><sub><sup><span style=\"text-decoration: line-through;\"><br \/>\n<\/span><\/sup><\/sub><\/u><\/i><i><b>Spinta<\/b><\/i>\u00a0<b>(kampin\u0117)<\/b>: 220 x 60 x 90\/90\u00a0<b>(kaina 230<\/b><span style=\"font-family: Calibri;\">\u20ac<\/span><b>)<\/b><i><\/i><u><\/u><br \/>\n<\/span><\/span><\/p>\n<p><span style=\"font-size: medium;\"><span style=\"color: #000000;\"><em><b>Lova<\/b><\/em><strong>:<\/strong>\u00a0 91 x 206,4 x 165, miegamoji dalis 200 x 160, su grotel\u0117mis, be \u010diu\u017einio\u00a0<b>(kaina 190<\/b><span style=\"font-family: Calibri;\">\u20ac<\/span><b>)<\/b><\/span><\/span><\/p>\n<p><span style=\"font-size: medium;\"><span style=\"color: #000000;\"><em><b>Komoda<\/b><\/em><b>:<\/b><span style=\"font-family: 'Arial','sans-serif';\">\u00a070<\/span>\u00a0x 48 x 81<b>(kaina 80<\/b><span style=\"font-family: Calibri;\">\u20ac<\/span><b>)<\/b><\/span><\/span><\/p>\n<p><span style=\"font-size: medium;\"><span style=\"color: #000000;\"><strong><i>Spintel\u0117s<\/i><\/strong><em>\u00a0<\/em>40 x 35 x 45\u00a0<b>(kaina 35<\/b><span style=\"font-family: Calibri;\">\u20ac<\/span><b>)<\/b><\/span><\/span><\/p>\n<p><span style=\"color: #000000; font-size: medium;\">\u00a0<\/span><\/p>\n<h4><u><span style=\"color: #000000;\">Spalva:<\/span><\/u><\/h4>\n<h4><span style=\"color: #000000;\">\u0160ervudo \u0105\u017euolas, apdaila &#8211; \u0105\u017euolas veng\u0117<\/span><\/h4>\n","protected":false},"excerpt":{"rendered":"<p>Miegamojo bald\u0173 komplekt\u0105\u00a0&#8222;\u0160ervudas&#8221;\u00a0sudaro &#8211; spinta 3 dur\u0173, lova be \u010diu\u017einio, komoda, 2 spintel\u0117s Galima pirkti atskirai (auk\u0161tis\/gylis\/plotis cm): Spinta\u00a0(trij\u0173 dur\u0173): 220 x 60 x 180\u00a0(kaina 280\u20ac) Spinta\u00a0(dviej\u0173 dur\u0173): 220 x 60 x 120\u00a0(kaina 250\u20ac) Spinta\u00a0(vien\u0173 dur\u0173): 220 x 60 x 60\u00a0(kaina 180\u20ac) Spinta\u00a0(kampin\u0117): 220 x 60 x 90\/90\u00a0(kaina 230\u20ac) Lova:\u00a0 91 x 206,4 x 165, &hellip; <a href=\"https:\/\/zenono.lt\/?product=miegamojo-komplektas-servudas\">Readmore<\/a><\/p>\n","protected":false},"featured_media":1760,"comment_status":"open","ping_status":"closed","template":"","meta":{"jetpack_post_was_ever_published":false,"jetpack_publicize_message":"","jetpack_publicize_feature_enabled":true,"jetpack_social_post_already_shared":true,"jetpack_social_options":{"image_generator_settings":{"template":"highway","default_image_id":0,"font":"","enabled":false},"version":2}},"product_brand":[],"product_cat":[116],"product_tag":[],"class_list":{"0":"post-1759","1":"product","2":"type-product","3":"status-publish","4":"has-post-thumbnail","6":"product_cat-partneriu-baldai","8":"first","9":"instock","10":"shipping-taxable","11":"purchasable","12":"product-type-simple"},"jetpack_publicize_connections":[],"jetpack_sharing_enabled":true,"jetpack-related-posts":[],"_links":{"self":[{"href":"https:\/\/zenono.lt\/index.php?rest_route=\/wp\/v2\/product\/1759","targetHints":{"allow":["GET"]}}],"collection":[{"href":"https:\/\/zenono.lt\/index.php?rest_route=\/wp\/v2\/product"}],"about":[{"href":"https:\/\/zenono.lt\/index.php?rest_route=\/wp\/v2\/types\/product"}],"replies":[{"embeddable":true,"href":"https:\/\/zenono.lt\/index.php?rest_route=%2Fwp%2Fv2%2Fcomments&post=1759"}],"wp:featuredmedia":[{"embeddable":true,"href":"https:\/\/zenono.lt\/index.php?rest_route=\/wp\/v2\/media\/1760"}],"wp:attachment":[{"href":"https:\/\/zenono.lt\/index.php?rest_route=%2Fwp%2Fv2%2Fmedia&parent=1759"}],"wp:term":[{"taxonomy":"product_brand","embeddable":true,"href":"https:\/\/zenono.lt\/index.php?rest_route=%2Fwp%2Fv2%2Fproduct_brand&post=1759"},{"taxonomy":"product_cat","embeddable":true,"href":"https:\/\/zenono.lt\/index.php?rest_route=%2Fwp%2Fv2%2Fproduct_cat&post=1759"},{"taxonomy":"product_tag","embeddable":true,"href":"https:\/\/zenono.lt\/index.php?rest_route=%2Fwp%2Fv2%2Fproduct_tag&post=1759"}],"curies":[{"name":"wp","href":"https:\/\/api.w.org\/{rel}","templated":true}]}}